43 a composite number?
False
Is 94862454829 composite?
False
Is 816794911 a composite number?
True
Is 668030927 a prime number?
True
Is 6221008327 a composite number?
False
Is 89615596921 composite?
True
Is 867667919 a composite number?
True
Is 20027396843 composite?
False
Is 15509736397 a composite number?
True
Is 4601495999 prime?
False
Is 563458349 composite?
True
Is 67857350507 composite?
False
Is 7794647401 a composite number?
False
Is 11991650441 composite?
False
Is 554279363 a prime number?
False
Is 25982687791 a composite number?
False
Is 1334777573 a prime number?
False
Is 547255589 prime?
True
Is 312095489 composite?
False
Is 13146777403 a prime number?
False
Is 2915173603 a prime number?
True
Is 163112713 composite?
False
Is 3373890787 a prime number?
True
Is 1175321165 prime?
False
Is 38435689987 a prime number?
True
Is 168100157 composite?
True
Is 5479993751 composite?
False
Is 2430859657 prime?
False
Is 2987153029 composite?
True
Is 4320215021 a composite number?
True
Is 555712499 composite?
True
Is 953302543 composite?
False
Is 14376410863 a composite number?
False
Is 200348249 a composite number?
False
Is 16609661 a composite number?
True
Is 83765952529 composite?
True
Is 47887621 a composite number?
False
Is 590320681 composite?
True
Is 637008371 composite?
False
Is 224193607 prime?
False
Is 2193834619 composite?
True
Is 71756497 composite?
True
Is 26174803651 a composite number?
False
Is 24835088387 prime?
False
Is 36737803 a prime number?
True
Is 1261943321 a composite number?
True
Is 68876638433 composite?
True
Is 3448976489 prime?
False
Is 3086720653 composite?
False
Is 84486936199 a prime number?
False
Is 2513131139 composite?
False
Is 526216781 a composite number?
False
Is 16261933 composite?
False
Is 60287554517 a composite number?
True
Is 336442531 composite?
False
Is 49683516397 prime?
True
Is 311406857 a prime number?
True
Is 11570409317 a prime number?
True
Is 4762131091 a composite number?
False
Is 22087567169 a prime number?
False
Is 15153494393 prime?
True
Is 51417775631 a prime number?
True
Is 49143709679 composite?
True
Is 3505064749 prime?
False
Is 224215727 a composite number?
True
Is 910058761 prime?
True
Is 9972056561 prime?
True
Is 3673157941 prime?
False
Is 5943109 a composite number?
False
Is 9507600899 prime?
False
Is 538974727 composite?
False
Is 8357493043 a prime number?
True
Is 22032184753 a prime number?
True
Is 13697514917 a prime number?
True
Is 41694532907 composite?
True
Is 26851050867 a composite number?
True
Is 133198255 a prime number?
False
Is 565777397 composite?
True
Is 600779873 composite?
False
Is 11241653807 a composite number?
False
Is 234538277 a composite number?
False
Is 2140295177 prime?
False
Is 14520881863 a composite number?
False
Is 213844553 composite?
True
Is 2669214026 a prime number?
False
Is 1437383071 a prime number?
True
Is 1954010467 a prime number?
True
Is 169324319 a composite number?
False
Is 60806354869 prime?
False
Is 10619273699 a composite number?
False
Is 635034311 a composite number?
True
Is 541581515 a prime number?
False
Is 27514308179 a prime number?
True
Is 527852729 a composite number?
False
Is 1364727227 a composite number?
False
Is 3327723313 composite?
False
Is 39051446041 prime?
False
Is 7273107367 a composite number?
False
Is 13553990941 composite?
False
Is 787025801 composite?
False
Is 683853803 composite?
False
Is 2495542111 composite?
True
Is 801968443 a composite number?
False
Is 8148256889 prime?
True
Is 93645596333 a prime number?
False
Is 79893887 a prime number?
False
Is 244837337 a prime number?
True
Is 5021960777 prime?
True
Is 24809410063 a composite number?
True
Is 153003258911 prime?
False
Is 124668406123 a prime number?
True
Is 30872537 prime?
True
Is 4721502073 composite?
True
Is 24944020737 a composite number?
True
Is 299970563 a composite number?
False
Is 77651317 prime?
True
Is 54303989371 prime?
True
Is 9171416629 prime?
False
Is 27083899393 a composite number?
False
Is 1112002343 a prime number?
True
Is 19620486035 a prime number?
False
Is 242534268065 prime?
False
Is 6348587419 a prime number?
True
Is 1974860131 prime?
False
Is 433912111439 prime?
True
Is 2414308309 prime?
False
Is 26836726139 a composite number?
False
Is 1968931001 composite?
True
Is 911022349 a prime number?
True
Is 5113510933 a prime number?
True
Is 3277102249 prime?
True
Is 53783038853 composite?
False
Is 387555163 composite?
False
Is 79036511731 a prime number?
False
Is 3843521967 a prime number?
False
Is 126870023 composite?
True
Is 4378403587 composite?
False
Is 9873015463 prime?
False
Is 222429731 a prime number?
True
Is 103051155043 prime?
True
Is 34221280487 composite?
False
Is 802580937 a composite number?
True
Is 6716558503 prime?
True
Is 10323073 a composite number?
False
Is 326763449 a composite number?
False
Is 433716949 a prime number?
True
Is 12345015901 a composite number?
True
Is 857316799 a composite number?
False
Is 47231017229 a prime number?
False
Is 177305346823 a prime number?
False
Is 205467079 a composite number?
False
Is 37487225273 a prime number?
True
Is 4576790287 composite?
True
Is 1237128163 a composite number?
True
Is 229326901 a prime number?
False
Is 19309278337 a prime number?
True
Is 804615521 prime?
False
Is 11397779 composite?
True
Is 29752638338 a composite number?
True
Is 468881329 a prime number?
False
Is 8613961903 a composite number?
False
Is 330653803 prime?
False
Is 276377291 composite?
False
Is 1352585567 prime?
True
Is 9026777437 prime?
False
Is 18010168019 a composite number?
True
Is 792926503 a prime number?
False
Is 7545868067 composite?
False
Is 1725499783 prime?
False
Is 17862818521 composite?
True
Is 693717557 composite?
True
Is 4242723743 composite?
False
Is 196209709 a prime number?
True
Is 1058930111 a composite number?
False
Is 185648171 composite?
False
Is 351924283 a prime number?
False
Is 189015227 a composite number?
True
Is 9251203573 prime?
False
Is 13544486049 composite?
True
Is 70271381549 a prime number?
True
Is 1187817889 composite?
True
Is 2052758795 a composite number?
True
Is 24829270157 prime?
True
Is 9179035259 a composite number?
False
Is 148467603041 prime?
True
Is 10527257443 prime?
True
Is 5447512645 a composite number?
True
Is 2129935061 prime?
True
Is 893754383 a prime number?
False
Is 6318831253 a prime number?
False
Is 393933727 a prime number?
False
Is 101303329 a composite number?
True
Is 57071670433 a prime number?
False
Is 3025934761 composite?
False
Is 302394031 a composite number?
False
Is 179787813 composite?
True
Is 46695168491 composite?
True
Is 5487963359 composite?
False
Is 4646635901 prime?
False
Is 593858257 prime?
False
Is 89108003255 prime?
False
Is 85071601 composite?
True
Is 4627004743 composite?
True
Is 186749736819 a prime number?
False
Is 2077480021 composite?
False
Is 77333865137 a composite number?
True
Is 253484149 prime?
False
Is 1474451921 composite?
False
Is 7242093797 a prime number?
True
Is 19956799243 a composite number?
False
Is 63731065199 a prime number?
False
Is 2466761711 composite?
False
Is 1169375437 composite?
True
Is 234012587 a prime number?
True
Is 37872390337 composite?
False
Is 2229004951 prime?
False
Is 183851671 a composite number?
True
Is 199720553687 a prime number?
False
Is 8933068337 composite?
False
Is 4905219547 composite?
False
Is 223807063 a prime number?
False
Is 1111341499 a composite number?
False
Is 916287457 composite?
False
Is 3072516131 a composite number?
True
Is 666573937 a prime number?
True
Is 1688959417 a composite number?
True
Is 139239763 prime?
False
Is 118723879 prime?
False
Is 18192813289 prime?
False
Is 38212603697 composite?
False
Is 306141941 composite?
True
Is 1629964279 prime?
False
Is 1027879889 prime?
False
Is 1651616258 prime?
False
Is 36428107 prime?
True
Is 3641315567 prime?
False
Is 22999043737 a composite number?
True
Is 366247241 a prime number?
True
Is 34011413 prime?
True
Is 514925753 prime?
False
Is 69638557 prime?
True
Is 79406601891 a prime number?
False
Is 5174835233 composite?
True
Is 207297108931 a composite number?
True
Is 177962701 composite?
True
Is 1672099717 a prime number?
True
Is 208652273 a prime number?
True
Is 1148110631 a prime number?
True
Is 783389587 a prime number?
True
Is 6